{"id":430,"date":"2023-11-16T14:39:15","date_gmt":"2023-11-16T13:39:15","guid":{"rendered":"http:\/\/www.gas-saumur.fr\/?page_id=430"},"modified":"2024-02-11T16:30:24","modified_gmt":"2024-02-11T15:30:24","slug":"etre-acteur","status":"publish","type":"page","link":"https:\/\/www.gas-saumur.fr\/index.php\/etre-acteur\/","title":{"rendered":"\u00eatre acteur"},"content":{"rendered":"\t\t<div data-elementor-type=\"wp-page\" data-elementor-id=\"430\" class=\"elementor elementor-430\">\n\t\t\t\t\t\t<section class=\"elementor-section elementor-top-section elementor-element elementor-element-3775227c elementor-section-boxed elementor-section-height-default elementor-section-height-default\" data-id=\"3775227c\" data-element_type=\"section\" data-settings=\"{&quot;background_background&quot;:&quot;classic&quot;}\">\n\t\t\t\t\t\t\t<div class=\"elementor-background-overlay\"><\/div>\n\t\t\t\t\t\t\t<div class=\"elementor-container elementor-column-gap-no\">\n\t\t\t\t\t<div class=\"elementor-column elementor-col-100 elementor-top-column elementor-element elementor-element-614348bf\" data-id=\"614348bf\" data-element_type=\"column\">\n\t\t\t<div class=\"elementor-widget-wrap elementor-element-populated\">\n\t\t\t\t\t\t<div class=\"elementor-element elementor-element-4ccac7bb elementor-widget elementor-widget-heading\" data-id=\"4ccac7bb\" data-element_type=\"widget\" data-widget_type=\"heading.default\">\n\t\t\t\t<div class=\"elementor-widget-container\">\n\t\t\t\t\t<h1 class=\"elementor-heading-title elementor-size-default\">Etre acteur<\/h1>\t\t\t\t<\/div>\n\t\t\t\t<\/div>\n\t\t\t\t\t<\/div>\n\t\t<\/div>\n\t\t\t\t\t<\/div>\n\t\t<\/section>\n\t\t\t\t<section class=\"elementor-section elementor-top-section elementor-element elementor-element-20da4a34 elementor-section-content-bottom elementor-section-boxed elementor-section-height-default elementor-section-height-default\" data-id=\"20da4a34\" data-element_type=\"section\" data-settings=\"{&quot;background_background&quot;:&quot;classic&quot;}\">\n\t\t\t\t\t\t<div class=\"elementor-container elementor-column-gap-no\">\n\t\t\t\t\t<div class=\"elementor-column elementor-col-100 elementor-top-column elementor-element elementor-element-2a857dbb\" data-id=\"2a857dbb\" data-element_type=\"column\">\n\t\t\t<div class=\"elementor-widget-wrap elementor-element-populated\">\n\t\t\t\t\t\t<div class=\"elementor-element elementor-element-359e7679 elementor-widget__width-auto elementor-widget elementor-widget-heading\" data-id=\"359e7679\" data-element_type=\"widget\" data-widget_type=\"heading.default\">\n\t\t\t\t<div class=\"elementor-widget-container\">\n\t\t\t\t\t<h2 class=\"elementor-heading-title elementor-size-default\">Acteur des Activit\u00e9s Sociales avec votre Groupement d\u2019Action Sociale (G.A.S.)<\/h2>\t\t\t\t<\/div>\n\t\t\t\t<\/div>\n\t\t\t\t<div class=\"elementor-element elementor-element-111086f elementor-widget__width-auto elementor-widget-divider--view-line elementor-widget elementor-widget-divider\" data-id=\"111086f\" data-element_type=\"widget\" data-widget_type=\"divider.default\">\n\t\t\t\t<div class=\"elementor-widget-container\">\n\t\t\t\t\t\t\t<div class=\"elementor-divider\">\n\t\t\t<span class=\"elementor-divider-separator\">\n\t\t\t\t\t\t<\/span>\n\t\t<\/div>\n\t\t\t\t\t\t<\/div>\n\t\t\t\t<\/div>\n\t\t\t\t<div class=\"elementor-element elementor-element-e65bcd6 elementor-widget elementor-widget-heading\" data-id=\"e65bcd6\" data-element_type=\"widget\" data-widget_type=\"heading.default\">\n\t\t\t\t<div class=\"elementor-widget-container\">\n\t\t\t\t\t<h3 class=\"elementor-heading-title elementor-size-default\">\u00catre b\u00e9n\u00e9vole c\u2019est quoi\u00a0?<\/h3>\t\t\t\t<\/div>\n\t\t\t\t<\/div>\n\t\t\t\t<div class=\"elementor-element elementor-element-3b18fa53 elementor-widget elementor-widget-text-editor\" data-id=\"3b18fa53\" data-element_type=\"widget\" data-widget_type=\"text-editor.default\">\n\t\t\t\t<div class=\"elementor-widget-container\">\n\t\t\t\t\t\t\t\t\t<p align=\"justify\">\u00catre b\u00e9n\u00e9vole, c\u2019est\u00a0faire don de son temps \u00e0 une association\u00a0et trouver un\u00a0accomplissement personnel\u00a0gr\u00e2ce aux missions qu\u2019on y accomplit.<\/p><p align=\"justify\">L\u2019engagement b\u00e9n\u00e9vole est libre et permet de traduire en actions les valeurs que l\u2019on porte tout en ayant une utilit\u00e9 sociale.<\/p><p align=\"justify\"><br \/>Pour le b\u00e9n\u00e9vole, la participation \u00e0 la vie de l\u2019association se mat\u00e9rialise par la\u00a0mise \u00e0 disposition de son temps et de ses comp\u00e9tences au service de l\u2019association. Pour mener \u00e0 bien ses missions, il est donc essentiel pour le b\u00e9n\u00e9vole d\u2019\u00eatre\u00a0sensible au projet associatif\u00a0dans lequel il s\u2019implique.<\/p><p align=\"justify\"><br \/>L\u2019accueil et la convivialit\u00e9\u00a0qui r\u00e8gnent dans l\u2019association, le\u00a0plaisir\u00a0qu\u2019on trouve \u00e0 y passer du temps et le\u00a0lien social\u00a0que l\u2019on tisse avec les autres membres sont autant de facteurs qui conditionnent la motivation et l\u2019implication en tant que b\u00e9n\u00e9vole.<\/p>\t\t\t\t\t\t\t\t<\/div>\n\t\t\t\t<\/div>\n\t\t\t\t\t<\/div>\n\t\t<\/div>\n\t\t\t\t\t<\/div>\n\t\t<\/section>\n\t\t\t\t<section class=\"elementor-section elementor-top-section elementor-element elementor-element-26f4ebe9 elementor-reverse-mobile elementor-section-boxed elementor-section-height-default elementor-section-height-default\" data-id=\"26f4ebe9\" data-element_type=\"section\">\n\t\t\t\t\t\t<div class=\"elementor-container elementor-column-gap-no\">\n\t\t\t\t\t<div class=\"elementor-column elementor-col-100 elementor-top-column elementor-element elementor-element-29aa3623\" data-id=\"29aa3623\" data-element_type=\"column\">\n\t\t\t<div class=\"elementor-widget-wrap elementor-element-populated\">\n\t\t\t\t\t\t<section class=\"elementor-section elementor-inner-section elementor-element elementor-element-483901d7 elementor-section-boxed elementor-section-height-default elementor-section-height-default\" data-id=\"483901d7\" data-element_type=\"section\">\n\t\t\t\t\t\t<div class=\"elementor-container elementor-column-gap-no\">\n\t\t\t\t\t<div class=\"elementor-column elementor-col-100 elementor-inner-column elementor-element elementor-element-772c9df9\" data-id=\"772c9df9\" data-element_type=\"column\" data-settings=\"{&quot;background_background&quot;:&quot;classic&quot;}\">\n\t\t\t<div class=\"elementor-widget-wrap elementor-element-populated\">\n\t\t\t\t\t\t<div class=\"elementor-element elementor-element-639b099c elementor-widget elementor-widget-heading\" data-id=\"639b099c\" data-element_type=\"widget\" data-widget_type=\"heading.default\">\n\t\t\t\t<div class=\"elementor-widget-container\">\n\t\t\t\t\t<h3 class=\"elementor-heading-title elementor-size-default\">Et le b\u00e9n\u00e9volat dans les Activit\u00e9s, animations ?\u00a0<\/h3>\t\t\t\t<\/div>\n\t\t\t\t<\/div>\n\t\t\t\t<div class=\"elementor-element elementor-element-1b1ca40c elementor-widget__width-auto elementor-widget-divider--view-line elementor-widget elementor-widget-divider\" data-id=\"1b1ca40c\" data-element_type=\"widget\" data-widget_type=\"divider.default\">\n\t\t\t\t<div class=\"elementor-widget-container\">\n\t\t\t\t\t\t\t<div class=\"elementor-divider\">\n\t\t\t<span class=\"elementor-divider-separator\">\n\t\t\t\t\t\t<\/span>\n\t\t<\/div>\n\t\t\t\t\t\t<\/div>\n\t\t\t\t<\/div>\n\t\t\t\t\t<\/div>\n\t\t<\/div>\n\t\t\t\t\t<\/div>\n\t\t<\/section>\n\t\t\t\t\t<\/div>\n\t\t<\/div>\n\t\t\t\t\t<\/div>\n\t\t<\/section>\n\t\t\t\t<section class=\"elementor-section elementor-top-section elementor-element elementor-element-68bd67d1 elementor-section-height-min-height elementor-section-items-top elementor-section-full_width elementor-section-height-default\" data-id=\"68bd67d1\" data-element_type=\"section\" data-settings=\"{&quot;background_background&quot;:&quot;classic&quot;}\">\n\t\t\t\t\t\t\t<div class=\"elementor-background-overlay\"><\/div>\n\t\t\t\t\t\t\t<div class=\"elementor-container elementor-column-gap-no\">\n\t\t\t\t\t<div class=\"elementor-column elementor-col-100 elementor-top-column elementor-element elementor-element-6827855b\" data-id=\"6827855b\" data-element_type=\"column\">\n\t\t\t<div class=\"elementor-widget-wrap elementor-element-populated\">\n\t\t\t\t\t\t<section class=\"elementor-section elementor-inner-section elementor-element elementor-element-4d94fa9c elementor-section-boxed elementor-section-height-default elementor-section-height-default\" data-id=\"4d94fa9c\" data-element_type=\"section\">\n\t\t\t\t\t\t<div class=\"elementor-container elementor-column-gap-no\">\n\t\t\t\t\t<div class=\"elementor-column elementor-col-50 elementor-inner-column elementor-element elementor-element-26f0a5a4\" data-id=\"26f0a5a4\" data-element_type=\"column\" data-settings=\"{&quot;background_background&quot;:&quot;classic&quot;}\">\n\t\t\t<div class=\"elementor-widget-wrap elementor-element-populated\">\n\t\t\t\t\t\t<div class=\"elementor-element elementor-element-5c74a462 elementor-widget__width-auto elementor-widget elementor-widget-heading\" data-id=\"5c74a462\" data-element_type=\"widget\" data-widget_type=\"heading.default\">\n\t\t\t\t<div class=\"elementor-widget-container\">\n\t\t\t\t\t<h5 class=\"elementor-heading-title elementor-size-default\">De multiples possibilit\u00e9s de s\u2019engager :<\/h5>\t\t\t\t<\/div>\n\t\t\t\t<\/div>\n\t\t\t\t<div class=\"elementor-element elementor-element-2d705c85 elementor-widget elementor-widget-text-editor\" data-id=\"2d705c85\" data-element_type=\"widget\" data-widget_type=\"text-editor.default\">\n\t\t\t\t<div class=\"elementor-widget-container\">\n\t\t\t\t\t\t\t\t\t<ul><li>Aider \u00e0 la construction ou \u00e0 l\u2019<strong>organisation d\u2019activit\u00e9s ou d\u2019animations ponctuelles.<\/strong><\/li><li>Prendre des responsabilit\u00e9s dans votre\u00a0<strong>G.A.S.\u00a0en tant que membre du Comit\u00e9 de Gestion<\/strong>.<\/li><\/ul><p>Et aussi&#8230;.<\/p><ul><li>Pr\u00eater main forte : montage\/tenue\/animation de stand<\/li><li>Proposer des activit\u00e9s, de nouvelles animations<\/li><li>Aider aux t\u00e2ches administratives de votre association.<\/li><\/ul>\t\t\t\t\t\t\t\t<\/div>\n\t\t\t\t<\/div>\n\t\t\t\t\t<\/div>\n\t\t<\/div>\n\t\t\t\t<div class=\"elementor-column elementor-col-50 elementor-inner-column elementor-element elementor-element-507912fe\" data-id=\"507912fe\" data-element_type=\"column\" data-settings=\"{&quot;background_background&quot;:&quot;classic&quot;}\">\n\t\t\t<div class=\"elementor-widget-wrap elementor-element-populated\">\n\t\t\t\t\t\t<div class=\"elementor-element elementor-element-3a16df7 elementor-widget__width-auto elementor-widget elementor-widget-heading\" data-id=\"3a16df7\" data-element_type=\"widget\" data-widget_type=\"heading.default\">\n\t\t\t\t<div class=\"elementor-widget-container\">\n\t\t\t\t\t<h5 class=\"elementor-heading-title elementor-size-default\">Qui peut s\u2019impliquer ? <\/h5>\t\t\t\t<\/div>\n\t\t\t\t<\/div>\n\t\t\t\t<div class=\"elementor-element elementor-element-ffbf1e9 elementor-widget elementor-widget-text-editor\" data-id=\"ffbf1e9\" data-element_type=\"widget\" data-widget_type=\"text-editor.default\">\n\t\t\t\t<div class=\"elementor-widget-container\">\n\t\t\t\t\t\t\t\t\t<p>\u00catre b\u00e9n\u00e9vole dans les Activit\u00e9s Sociales est un engagement r\u00e9serv\u00e9 aux adh\u00e9rents actifs et retrait\u00e9s.<\/p><p>Les b\u00e9n\u00e9voles sont couverts et b\u00e9n\u00e9ficient d\u2019une assurance responsabilit\u00e9 civile contract\u00e9e par le Groupement d\u2019Action Sociale dans le cadre des activit\u00e9s et missions confi\u00e9es.<\/p><p>Pour nous rejoindre, vous pouvez contacter votre <b>Groupement d\u2019Action Sociale.<\/b><\/p>\t\t\t\t\t\t\t\t<\/div>\n\t\t\t\t<\/div>\n\t\t\t\t\t<\/div>\n\t\t<\/div>\n\t\t\t\t\t<\/div>\n\t\t<\/section>\n\t\t\t\t\t<\/div>\n\t\t<\/div>\n\t\t\t\t\t<\/div>\n\t\t<\/section>\n\t\t\t\t<\/div>\n\t\t","protected":false},"excerpt":{"rendered":"<p>Etre acteur Acteur des Activit\u00e9s Sociales avec votre Groupement d\u2019Action Sociale (G.A.S.) \u00catre b\u00e9n\u00e9vole c\u2019est quoi\u00a0? \u00catre b\u00e9n\u00e9vole, c\u2019est\u00a0faire don de son temps \u00e0 une association\u00a0et trouver un\u00a0accomplissement personnel\u00a0gr\u00e2ce aux missions qu\u2019on y accomplit. L\u2019engagement b\u00e9n\u00e9vole est libre et permet de traduire en actions les valeurs que l\u2019on porte tout en ayant une utilit\u00e9 sociale. &hellip;<\/p>\n<p class=\"read-more\"> <a class=\"\" href=\"https:\/\/www.gas-saumur.fr\/index.php\/etre-acteur\/\"> <span class=\"screen-reader-text\">\u00eatre acteur<\/span> Lire la suite\u00a0\u00bb<\/a><\/p>\n","protected":false},"author":1,"featured_media":0,"parent":0,"menu_order":0,"comment_status":"closed","ping_status":"closed","template":"","meta":{"_acf_changed":false,"site-sidebar-layout":"no-sidebar","site-content-layout":"page-builder","ast-site-content-layout":"full-width-container","site-content-style":"unboxed","site-sidebar-style":"unboxed","ast-global-header-display":"","ast-banner-title-visibility":"","ast-main-header-display":"","ast-hfb-above-header-display":"","ast-hfb-below-header-display":"","ast-hfb-mobile-header-display":"","site-post-title":"disabled","ast-breadcrumbs-content":"disabled","ast-featured-img":"disabled","footer-sml-layout":"","theme-transparent-header-meta":"enabled","adv-header-id-meta":"","stick-header-meta":"","header-above-stick-meta":"","header-main-stick-meta":"","header-below-stick-meta":"","astra-migrate-meta-layouts":"set","ast-page-background-enabled":"default","ast-page-background-meta":{"desktop":{"background-color":"","background-image":"","background-repeat":"repeat","background-position":"center center","background-size":"auto","background-attachment":"scroll","background-type":"","background-media":"","overlay-type":"","overlay-color":"","overlay-gradient":""},"tablet":{"background-color":"","background-image":"","background-repeat":"repeat","background-position":"center center","background-size":"auto","background-attachment":"scroll","background-type":"","background-media":"","overlay-type":"","overlay-color":"","overlay-gradient":""},"mobile":{"background-color":"","background-image":"","background-repeat":"repeat","background-position":"center center","background-size":"auto","background-attachment":"scroll","background-type":"","background-media":"","overlay-type":"","overlay-color":"","overlay-gradient":""}},"ast-content-background-meta":{"desktop":{"background-color":"var(--ast-global-color-5)","background-image":"","background-repeat":"repeat","background-position":"center center","background-size":"auto","background-attachment":"scroll","background-type":"","background-media":"","overlay-type":"","overlay-color":"","overlay-gradient":""},"tablet":{"background-color":"var(--ast-global-color-5)","background-image":"","background-repeat":"repeat","background-position":"center center","background-size":"auto","background-attachment":"scroll","background-type":"","background-media":"","overlay-type":"","overlay-color":"","overlay-gradient":""},"mobile":{"background-color":"var(--ast-global-color-5)","background-image":"","background-repeat":"repeat","background-position":"center center","background-size":"auto","background-attachment":"scroll","background-type":"","background-media":"","overlay-type":"","overlay-color":"","overlay-gradient":""}},"footnotes":""},"class_list":["post-430","page","type-page","status-publish","hentry"],"acf":[],"yoast_head":"<!-- This site is optimized with the Yoast SEO plugin v26.0 - https:\/\/yoast.com\/wordpress\/plugins\/seo\/ -->\n<title>\u00eatre acteur - Groupement d&#039;action sociale de Saumur<\/title>\n<meta name=\"robots\" content=\"index, follow, max-snippet:-1, max-image-preview:large, max-video-preview:-1\" \/>\n<link rel=\"canonical\" href=\"https:\/\/www.gas-saumur.fr\/index.php\/etre-acteur\/\" \/>\n<meta property=\"og:locale\" content=\"fr_FR\" \/>\n<meta property=\"og:type\" content=\"article\" \/>\n<meta property=\"og:title\" content=\"\u00eatre acteur - Groupement d&#039;action sociale de Saumur\" \/>\n<meta property=\"og:description\" content=\"Etre acteur Acteur des Activit\u00e9s Sociales avec votre Groupement d\u2019Action Sociale (G.A.S.) \u00catre b\u00e9n\u00e9vole c\u2019est quoi\u00a0? \u00catre b\u00e9n\u00e9vole, c\u2019est\u00a0faire don de son temps \u00e0 une association\u00a0et trouver un\u00a0accomplissement personnel\u00a0gr\u00e2ce aux missions qu\u2019on y accomplit. L\u2019engagement b\u00e9n\u00e9vole est libre et permet de traduire en actions les valeurs que l\u2019on porte tout en ayant une utilit\u00e9 sociale. &hellip; \u00eatre acteur Lire la suite\u00a0\u00bb\" \/>\n<meta property=\"og:url\" content=\"https:\/\/www.gas-saumur.fr\/index.php\/etre-acteur\/\" \/>\n<meta property=\"og:site_name\" content=\"Groupement d&#039;action sociale de Saumur\" \/>\n<meta property=\"article:modified_time\" content=\"2024-02-11T15:30:24+00:00\" \/>\n<meta name=\"twitter:card\" content=\"summary_large_image\" \/>\n<meta name=\"twitter:label1\" content=\"Dur\u00e9e de lecture estim\u00e9e\" \/>\n\t<meta name=\"twitter:data1\" content=\"2 minutes\" \/>\n<script type=\"application\/ld+json\" class=\"yoast-schema-graph\">{\"@context\":\"https:\/\/schema.org\",\"@graph\":[{\"@type\":\"WebPage\",\"@id\":\"https:\/\/www.gas-saumur.fr\/index.php\/etre-acteur\/\",\"url\":\"https:\/\/www.gas-saumur.fr\/index.php\/etre-acteur\/\",\"name\":\"\u00eatre acteur - Groupement d&#039;action sociale de Saumur\",\"isPartOf\":{\"@id\":\"https:\/\/www.gas-saumur.fr\/#website\"},\"datePublished\":\"2023-11-16T13:39:15+00:00\",\"dateModified\":\"2024-02-11T15:30:24+00:00\",\"breadcrumb\":{\"@id\":\"https:\/\/www.gas-saumur.fr\/index.php\/etre-acteur\/#breadcrumb\"},\"inLanguage\":\"fr-FR\",\"potentialAction\":[{\"@type\":\"ReadAction\",\"target\":[\"https:\/\/www.gas-saumur.fr\/index.php\/etre-acteur\/\"]}]},{\"@type\":\"BreadcrumbList\",\"@id\":\"https:\/\/www.gas-saumur.fr\/index.php\/etre-acteur\/#breadcrumb\",\"itemListElement\":[{\"@type\":\"ListItem\",\"position\":1,\"name\":\"Accueil\",\"item\":\"https:\/\/www.gas-saumur.fr\/\"},{\"@type\":\"ListItem\",\"position\":2,\"name\":\"\u00eatre acteur\"}]},{\"@type\":\"WebSite\",\"@id\":\"https:\/\/www.gas-saumur.fr\/#website\",\"url\":\"https:\/\/www.gas-saumur.fr\/\",\"name\":\"Groupement d&#039;action sociale de Saumur\",\"description\":\"\",\"publisher\":{\"@id\":\"https:\/\/www.gas-saumur.fr\/#organization\"},\"potentialAction\":[{\"@type\":\"SearchAction\",\"target\":{\"@type\":\"EntryPoint\",\"urlTemplate\":\"https:\/\/www.gas-saumur.fr\/?s={search_term_string}\"},\"query-input\":{\"@type\":\"PropertyValueSpecification\",\"valueRequired\":true,\"valueName\":\"search_term_string\"}}],\"inLanguage\":\"fr-FR\"},{\"@type\":\"Organization\",\"@id\":\"https:\/\/www.gas-saumur.fr\/#organization\",\"name\":\"Groupement d&#039;action sociale de Saumur\",\"url\":\"https:\/\/www.gas-saumur.fr\/\",\"logo\":{\"@type\":\"ImageObject\",\"inLanguage\":\"fr-FR\",\"@id\":\"https:\/\/www.gas-saumur.fr\/#\/schema\/logo\/image\/\",\"url\":\"https:\/\/www.gas-saumur.fr\/wp-content\/uploads\/2024\/05\/cropped-logo-GAS.png\",\"contentUrl\":\"https:\/\/www.gas-saumur.fr\/wp-content\/uploads\/2024\/05\/cropped-logo-GAS.png\",\"width\":197,\"height\":172,\"caption\":\"Groupement d&#039;action sociale de Saumur\"},\"image\":{\"@id\":\"https:\/\/www.gas-saumur.fr\/#\/schema\/logo\/image\/\"}}]}<\/script>\n<!-- \/ Yoast SEO plugin. -->","yoast_head_json":{"title":"\u00eatre acteur - Groupement d&#039;action sociale de Saumur","robots":{"index":"index","follow":"follow","max-snippet":"max-snippet:-1","max-image-preview":"max-image-preview:large","max-video-preview":"max-video-preview:-1"},"canonical":"https:\/\/www.gas-saumur.fr\/index.php\/etre-acteur\/","og_locale":"fr_FR","og_type":"article","og_title":"\u00eatre acteur - Groupement d&#039;action sociale de Saumur","og_description":"Etre acteur Acteur des Activit\u00e9s Sociales avec votre Groupement d\u2019Action Sociale (G.A.S.) \u00catre b\u00e9n\u00e9vole c\u2019est quoi\u00a0? \u00catre b\u00e9n\u00e9vole, c\u2019est\u00a0faire don de son temps \u00e0 une association\u00a0et trouver un\u00a0accomplissement personnel\u00a0gr\u00e2ce aux missions qu\u2019on y accomplit. L\u2019engagement b\u00e9n\u00e9vole est libre et permet de traduire en actions les valeurs que l\u2019on porte tout en ayant une utilit\u00e9 sociale. &hellip; \u00eatre acteur Lire la suite\u00a0\u00bb","og_url":"https:\/\/www.gas-saumur.fr\/index.php\/etre-acteur\/","og_site_name":"Groupement d&#039;action sociale de Saumur","article_modified_time":"2024-02-11T15:30:24+00:00","twitter_card":"summary_large_image","twitter_misc":{"Dur\u00e9e de lecture estim\u00e9e":"2 minutes"},"schema":{"@context":"https:\/\/schema.org","@graph":[{"@type":"WebPage","@id":"https:\/\/www.gas-saumur.fr\/index.php\/etre-acteur\/","url":"https:\/\/www.gas-saumur.fr\/index.php\/etre-acteur\/","name":"\u00eatre acteur - Groupement d&#039;action sociale de Saumur","isPartOf":{"@id":"https:\/\/www.gas-saumur.fr\/#website"},"datePublished":"2023-11-16T13:39:15+00:00","dateModified":"2024-02-11T15:30:24+00:00","breadcrumb":{"@id":"https:\/\/www.gas-saumur.fr\/index.php\/etre-acteur\/#breadcrumb"},"inLanguage":"fr-FR","potentialAction":[{"@type":"ReadAction","target":["https:\/\/www.gas-saumur.fr\/index.php\/etre-acteur\/"]}]},{"@type":"BreadcrumbList","@id":"https:\/\/www.gas-saumur.fr\/index.php\/etre-acteur\/#breadcrumb","itemListElement":[{"@type":"ListItem","position":1,"name":"Accueil","item":"https:\/\/www.gas-saumur.fr\/"},{"@type":"ListItem","position":2,"name":"\u00eatre acteur"}]},{"@type":"WebSite","@id":"https:\/\/www.gas-saumur.fr\/#website","url":"https:\/\/www.gas-saumur.fr\/","name":"Groupement d&#039;action sociale de Saumur","description":"","publisher":{"@id":"https:\/\/www.gas-saumur.fr\/#organization"},"potentialAction":[{"@type":"SearchAction","target":{"@type":"EntryPoint","urlTemplate":"https:\/\/www.gas-saumur.fr\/?s={search_term_string}"},"query-input":{"@type":"PropertyValueSpecification","valueRequired":true,"valueName":"search_term_string"}}],"inLanguage":"fr-FR"},{"@type":"Organization","@id":"https:\/\/www.gas-saumur.fr\/#organization","name":"Groupement d&#039;action sociale de Saumur","url":"https:\/\/www.gas-saumur.fr\/","logo":{"@type":"ImageObject","inLanguage":"fr-FR","@id":"https:\/\/www.gas-saumur.fr\/#\/schema\/logo\/image\/","url":"https:\/\/www.gas-saumur.fr\/wp-content\/uploads\/2024\/05\/cropped-logo-GAS.png","contentUrl":"https:\/\/www.gas-saumur.fr\/wp-content\/uploads\/2024\/05\/cropped-logo-GAS.png","width":197,"height":172,"caption":"Groupement d&#039;action sociale de Saumur"},"image":{"@id":"https:\/\/www.gas-saumur.fr\/#\/schema\/logo\/image\/"}}]}},"_links":{"self":[{"href":"https:\/\/www.gas-saumur.fr\/index.php\/wp-json\/wp\/v2\/pages\/430","targetHints":{"allow":["GET"]}}],"collection":[{"href":"https:\/\/www.gas-saumur.fr\/index.php\/wp-json\/wp\/v2\/pages"}],"about":[{"href":"https:\/\/www.gas-saumur.fr\/index.php\/wp-json\/wp\/v2\/types\/page"}],"author":[{"embeddable":true,"href":"https:\/\/www.gas-saumur.fr\/index.php\/wp-json\/wp\/v2\/users\/1"}],"replies":[{"embeddable":true,"href":"https:\/\/www.gas-saumur.fr\/index.php\/wp-json\/wp\/v2\/comments?post=430"}],"version-history":[{"count":20,"href":"https:\/\/www.gas-saumur.fr\/index.php\/wp-json\/wp\/v2\/pages\/430\/revisions"}],"predecessor-version":[{"id":872,"href":"https:\/\/www.gas-saumur.fr\/index.php\/wp-json\/wp\/v2\/pages\/430\/revisions\/872"}],"wp:attachment":[{"href":"https:\/\/www.gas-saumur.fr\/index.php\/wp-json\/wp\/v2\/media?parent=430"}],"curies":[{"name":"wp","href":"https:\/\/api.w.org\/{rel}","templated":true}]}}